{"version":"1.0","provider_name":"Firefly","provider_url":"https:\/\/firefly.cafeblog.hu","author_name":"Faith","author_url":"https:\/\/firefly.cafeblog.hu\/author\/gwendolin-romangmail-com\/","title":"A S\u00f6t\u00e9t","html":"<a href=\"https:\/\/firefly.cafeblog.hu\/files\/2013\/10\/pic_szorongas.jpg\"><img class=\"alignleft size-medium wp-image-62\" alt=\"\" src=\"https:\/\/firefly.cafeblog.hu\/files\/2013\/10\/pic_szorongas-300x227.jpg\" width=\"300\" height=\"227\" \/><\/a>Kiskorunk \u00f3ta f\u00e9l\u00fcnk a s\u00f6t\u00e9tt\u0151l. A takar\u00f3 al\u00e1 b\u00fajunk \u00e9s minden r\u00e9sz\u00e9t magunk al\u00e1 gy\u0171rj\u00fck, a nagyobb pl\u00fcss\u00e1llatokat magunk mell\u00e9 tessz\u00fck v\u00e9d\u0151 falk\u00e9nt, m\u00edg a kedvenceinket magunkhoz szor\u00edtjuk, hogy a legnagyobb biztons\u00e1gban \u00e9rezz\u00fck magunkat.\r\n\r\nMert a s\u00f6t\u00e9tben sz\u00f6rnyeket l\u00e1tunk \u00e9s hallunk...a legk\u00fcl\u00f6nf\u00e9l\u00e9bb alakban jelennek meg, csakhogy minket megijesszenek. \u00c9s hi\u00e1ba k\u00e9rj\u00fck meg a sz\u00fcleinket, hogy n\u00e9zzenek be az \u00e1gy al\u00e1, az ajt\u00f3 vagy a f\u00fcgg\u00f6ny m\u00f6g\u00e9: \u0151k nem l\u00e1thatj\u00e1k \u0151ket, a mi sz\u00f6rnyeink valami\u00e9rt f\u00e9lnek a sz\u00fcleinkt\u0151l.\r\n\r\n\u00c1ltal\u00e1ban kicsik\u00e9nt \u00e9s sokszor feln\u0151ttk\u00e9nt is ilyen sz\u00e1munkra a s\u00f6t\u00e9t: mag\u00e1nyos, kil\u00e1t\u00e1stalan, ijeszt\u0151...\r\n\r\nDe mi lenne ha m\u00e1shogy l\u00e1tn\u00e1nk a s\u00f6t\u00e9tet?\u00a0Mi lenne ha ink\u00e1bb a lehet\u0151s\u00e9gek t\u00e1rh\u00e1z\u00e1t jelenten\u00e9?\r\n\r\nMert a s\u00f6t\u00e9tben senkit nem \u00e9rdekel, hogy hogy n\u00e9z ki a m\u00e1sik, hogy a szomsz\u00e9d megvette a leg\u00fajabb hiper-szuper f\u0171ny\u00edr\u00f3t. A s\u00f6t\u00e9tben nincs meg az a korl\u00e1tolts\u00e1g, mint vil\u00e1gosban.\r\n\r\nHa \u00e9jszaka van, lehet\u00fcnk felfedez\u0151k, orvosok, mehet\u00fcnk P\u00e1rizsba vagy randev\u00fazhatunk R\u00f3m\u00e1ban...lehet\u00fcnk ak\u00e1rhol, ak\u00e1rkik. Nincs m\u00faltunk \u00e9s jelen\u00fcnk, se aggodalmaink a j\u00f6v\u0151nk miatt.\r\n\r\nAmit sz\u00e1munkra az \u00e9jszaka s\u00f6t\u00e9tje tud ny\u00fajtani az a vigasz, a rem\u00e9ny, a v\u00e1gyak...\u00c9s ez seg\u00edthet abban, hogy reggel felkelj\u00fcnk \u00e9s megval\u00f3s\u00edtsuk az \u00e1lmainkat.","type":"rich"}

A Sötét

<a href="https://firefly.cafeblog.hu/files/2013/10/pic_szorongas.jpg"><img class="alignleft size-medium wp-image-62" alt="" src="https://firefly.cafeblog.hu/files/2013/10/pic_szorongas-300x227.jpg" width="300" height="227" /></a>Kiskorunk óta félünk a sötéttől. A takaró alá bújunk és minden részét magunk alá gyűrjük, a nagyobb plüssállatokat magunk mellé tesszük védő falként, míg a kedvenceinket magunkhoz szorítjuk, hogy a legnagyobb biztonságban érezzük magunkat.

Mert a sötétben szörnyeket látunk és hallunk...a legkülönfélébb alakban jelennek meg, csakhogy minket megijesszenek. És hiába kérjük meg a szüleinket, hogy nézzenek be az ágy alá, az ajtó vagy a függöny mögé: ők nem láthatják őket, a mi szörnyeink valamiért félnek a szüleinktől.

Általában kicsiként és sokszor felnőttként is ilyen számunkra a sötét: magányos, kilátástalan, ijesztő...

De mi lenne ha máshogy látnánk a sötétet? Mi lenne ha inkább a lehetőségek tárházát jelentené?

Mert a sötétben senkit nem érdekel, hogy hogy néz ki a másik, hogy a szomszéd megvette a legújabb hiper-szuper fűnyírót. A sötétben nincs meg az a korlátoltság, mint világosban.

Ha éjszaka van, lehetünk felfedezők, orvosok, mehetünk Párizsba vagy randevúzhatunk Rómában...lehetünk akárhol, akárkik. Nincs múltunk és jelenünk, se aggodalmaink a jövőnk miatt.

Amit számunkra az éjszaka sötétje tud nyújtani az a vigasz, a remény, a vágyak...És ez segíthet abban, hogy reggel felkeljünk és megvalósítsuk az álmainkat.
